{"id":204,"date":"2023-11-17T21:41:24","date_gmt":"2023-11-18T00:41:24","guid":{"rendered":"https:\/\/grupolola.org\/?page_id=204"},"modified":"2023-11-29T16:02:07","modified_gmt":"2023-11-29T19:02:07","slug":"projetos-de-pesquisa","status":"publish","type":"page","link":"https:\/\/grupolola.org\/index.php\/projetos-de-pesquisa\/","title":{"rendered":"Projetos de Pesquisa"},"content":{"rendered":"\n<div style=\"height:72px\" aria-hidden=\"true\" class=\"wp-block-spacer\"><\/div>\n\n\n\n<h1 class=\"wp-block-heading has-nv-site-bg-color has-text-color has-link-color has-x-large-font-size wp-elements-cd5e08aa0a4be14791c0c440d36dfa5d\"><mark style=\"background-color:rgba(0, 0, 0, 0)\" class=\"has-inline-color has-nv-site-bg-color\">Projetos de Pesquisa<\/mark><\/h1>\n\n\n\n<div style=\"height:71px\" aria-hidden=\"true\" class=\"wp-block-spacer\"><\/div>\n\n\n\n<div class=\"wp-block-media-text alignfull is-stacked-on-mobile is-vertically-aligned-center has-nv-c-2-background-color has-background\" style=\"grid-template-columns:25% auto\"><figure class=\"wp-block-media-text__media\"><img loading=\"lazy\" decoding=\"async\" width=\"500\" height=\"500\" src=\"https:\/\/grupolola.org\/wp-content\/uploads\/2023\/11\/Logo-TEMAS-Aplicacao-Fundo-Branco-A-1.png\" alt=\"\" class=\"wp-image-114 size-full\" srcset=\"https:\/\/grupolola.org\/wp-content\/uploads\/2023\/11\/Logo-TEMAS-Aplicacao-Fundo-Branco-A-1.png 500w, https:\/\/grupolola.org\/wp-content\/uploads\/2023\/11\/Logo-TEMAS-Aplicacao-Fundo-Branco-A-1-300x300.png 300w, https:\/\/grupolola.org\/wp-content\/uploads\/2023\/11\/Logo-TEMAS-Aplicacao-Fundo-Branco-A-1-150x150.png 150w\" sizes=\"(max-width: 500px) 100vw, 500px\" \/><\/figure><div class=\"wp-block-media-text__content\">\n<div style=\"height:48px\" aria-hidden=\"true\" class=\"wp-block-spacer\"><\/div>\n\n\n\n<h2 class=\"wp-block-heading has-nv-site-bg-color has-text-color has-link-color has-medium-font-size wp-elements-a3527e8fb62ae3e367603fa7bbf760d3\" style=\"font-style:normal;font-weight:300\"><mark style=\"background-color:rgba(0, 0, 0, 0)\" class=\"has-inline-color has-neve-text-color-color\">Nas pesquisas realizadas, prop\u00f5e-se conhecer e problematizar, especialmente, quatro materialidades distintas, mas convergentes: <\/mark><\/h2>\n\n\n\n<p>1. pesquisas acad\u00eamicas educacionais; <\/p>\n\n\n\n<p>2. literaturas pedag\u00f3gicas acad\u00eamicas; <\/p>\n\n\n\n<p>3. tecnologias visuais (filmes, s\u00e9ries de televis\u00e3o, plataformas digitais de <em>streaming<\/em>, como Netflix e Apple TV, v\u00eddeos do YouTube, fotografias, charges, pe\u00e7as publicit\u00e1rias, imagens e m\u00eddias produzidas em redes sociais, como Instagram e Facebook, entre outras); <\/p>\n\n\n\n<p>4. pol\u00edticas p\u00fablicas educacionais, com foco, prioritariamente, nas pol\u00edticas e pr\u00e1ticas de equidade de g\u00eanero e de reconhecimento da diversidade sexual. &nbsp;<\/p>\n<\/div><\/div>\n\n\n\n<div style=\"height:66px\" aria-hidden=\"true\" class=\"wp-block-spacer\"><\/div>\n\n\n\n<h1 class=\"wp-block-heading has-nv-site-bg-color has-text-color has-link-color has-large-font-size wp-elements-429dc0fa80d41fc16170032980cecfd0\"><mark style=\"background-color:rgba(0, 0, 0, 0)\" class=\"has-inline-color has-nv-site-bg-color\">Saiba mais<\/mark>:<\/h1>\n\n\n\n<div style=\"height:60px\" aria-hidden=\"true\" class=\"wp-block-spacer\"><\/div>\n\n\n\n<div class=\"wp-block-columns alignwide is-layout-flex wp-container-core-columns-layout-1 wp-block-columns-is-layout-flex\">\n<div class=\"wp-block-column is-vertically-aligned-center has-large-font-size is-layout-flow wp-block-column-is-layout-flow\">\n<div class=\"wp-block-cover wp-duotone-rgb10412179-ccc-1\" style=\"min-height:324px\"><span aria-hidden=\"true\" class=\"wp-block-cover__background has-nv-dark-bg-background-color has-background-dim\"><\/span><img loading=\"lazy\" decoding=\"async\" width=\"382\" height=\"572\" class=\"wp-block-cover__image-background wp-image-836\" alt=\"\" src=\"https:\/\/grupolola.org\/wp-content\/uploads\/2023\/11\/biblioteca.png\" data-object-fit=\"cover\" srcset=\"https:\/\/grupolola.org\/wp-content\/uploads\/2023\/11\/biblioteca.png 382w, https:\/\/grupolola.org\/wp-content\/uploads\/2023\/11\/biblioteca-200x300.png 200w, https:\/\/grupolola.org\/wp-content\/uploads\/2023\/11\/biblioteca-100x150.png 100w\" sizes=\"(max-width: 382px) 100vw, 382px\" \/><div class=\"wp-block-cover__inner-container is-layout-flow wp-block-cover-is-layout-flow\">\n<h1 class=\"wp-block-heading has-text-align-center has-medium-font-size\" style=\"font-style:normal;font-weight:400\"><a href=\"https:\/\/grupolola.org\/index.php\/projeto-trabalho-docente-nas-tecnologias-visuais-uma-pesquisa-formacao-no-contexto-da-educacao-4-0-e-da-pandemia\/\" data-type=\"page\" data-id=\"596\"><mark style=\"background-color:rgba(0, 0, 0, 0)\" class=\"has-inline-color has-nv-site-bg-color\">Trabalho docente nas tecnologias visuais: uma pesquisa-forma\u00e7\u00e3o no contexto da educa\u00e7\u00e3o 4.0 e da pandemia (2021 &#8211; 2023)<\/mark><\/a><\/h1>\n<\/div><\/div>\n<\/div>\n\n\n\n<div class=\"wp-block-column is-layout-flow wp-block-column-is-layout-flow\">\n<div class=\"wp-block-cover wp-duotone-rgb10412179-ccc-2\" style=\"min-height:326px\"><span aria-hidden=\"true\" class=\"wp-block-cover__background has-nv-dark-bg-background-color has-background-dim\"><\/span><img loading=\"lazy\" decoding=\"async\" width=\"857\" height=\"572\" class=\"wp-block-cover__image-background wp-image-839\" alt=\"\" src=\"https:\/\/grupolola.org\/wp-content\/uploads\/2023\/11\/biblioteca2.png\" data-object-fit=\"cover\" srcset=\"https:\/\/grupolola.org\/wp-content\/uploads\/2023\/11\/biblioteca2.png 857w, https:\/\/grupolola.org\/wp-content\/uploads\/2023\/11\/biblioteca2-300x200.png 300w, https:\/\/grupolola.org\/wp-content\/uploads\/2023\/11\/biblioteca2-150x100.png 150w, https:\/\/grupolola.org\/wp-content\/uploads\/2023\/11\/biblioteca2-768x513.png 768w\" sizes=\"(max-width: 857px) 100vw, 857px\" \/><div class=\"wp-block-cover__inner-container is-layout-flow wp-block-cover-is-layout-flow\">\n<h1 class=\"wp-block-heading has-text-align-center has-medium-font-size\" style=\"font-style:normal;font-weight:400\"><a href=\"https:\/\/grupolola.org\/index.php\/a-producao-de-sentidos-sobre-afeto-amor-e-cuidado\/\" data-type=\"page\" data-id=\"946\"><mark style=\"background-color:rgba(0, 0, 0, 0)\" class=\"has-inline-color has-nv-site-bg-color\">A produ\u00e7\u00e3o de sentidos sobre afeto, amor e cuidado na forma\u00e7\u00e3o inicial docente sob a perspectiva de g\u00eanero&nbsp;(2017&nbsp;&#8211;&nbsp;2024)<\/mark><\/a><\/h1>\n<\/div><\/div>\n<\/div>\n<\/div>\n\n\n\n<div style=\"height:100px\" aria-hidden=\"true\" class=\"wp-block-spacer\"><\/div>\n\n\n\n<h1 class=\"wp-block-heading has-neve-text-color-color has-text-color has-link-color has-large-font-size wp-elements-02dbd7fd704a387fbff80cb243e30a1c\">Apoio financeiro:<\/h1>\n\n\n\n<figure class=\"wp-block-image size-large\"><img loading=\"lazy\" decoding=\"async\" width=\"1024\" height=\"162\" src=\"https:\/\/grupolola.org\/wp-content\/uploads\/2023\/11\/logos-2-1024x162.png\" alt=\"\" class=\"wp-image-1020\" srcset=\"https:\/\/grupolola.org\/wp-content\/uploads\/2023\/11\/logos-2-1024x162.png 1024w, https:\/\/grupolola.org\/wp-content\/uploads\/2023\/11\/logos-2-300x48.png 300w, https:\/\/grupolola.org\/wp-content\/uploads\/2023\/11\/logos-2-150x24.png 150w, https:\/\/grupolola.org\/wp-content\/uploads\/2023\/11\/logos-2-768x122.png 768w, https:\/\/grupolola.org\/wp-content\/uploads\/2023\/11\/logos-2-1536x244.png 1536w, https:\/\/grupolola.org\/wp-content\/uploads\/2023\/11\/logos-2-2048x325.png 2048w\" sizes=\"(max-width: 1024px) 100vw, 1024px\" \/><\/figure>\n\n\n\n<div style=\"height:72px\" aria-hidden=\"true\" class=\"wp-block-spacer\"><\/div>\n","protected":false},"excerpt":{"rendered":"<p>Projetos de Pesquisa Saiba mais: Apoio financeiro:<\/p>\n","protected":false},"author":1,"featured_media":0,"parent":0,"menu_order":0,"comment_status":"closed","ping_status":"closed","template":"","meta":{"neve_meta_sidebar":"default","neve_meta_container":"full-width","neve_meta_enable_content_width":"on","neve_meta_content_width":70,"neve_meta_title_alignment":"left","neve_meta_author_avatar":"","neve_post_elements_order":"","neve_meta_disable_header":"","neve_meta_disable_footer":"","neve_meta_disable_title":"","footnotes":""},"_links":{"self":[{"href":"https:\/\/grupolola.org\/index.php\/wp-json\/wp\/v2\/pages\/204"}],"collection":[{"href":"https:\/\/grupolola.org\/index.php\/wp-json\/wp\/v2\/pages"}],"about":[{"href":"https:\/\/grupolola.org\/index.php\/wp-json\/wp\/v2\/types\/page"}],"author":[{"embeddable":true,"href":"https:\/\/grupolola.org\/index.php\/wp-json\/wp\/v2\/users\/1"}],"replies":[{"embeddable":true,"href":"https:\/\/grupolola.org\/index.php\/wp-json\/wp\/v2\/comments?post=204"}],"version-history":[{"count":101,"href":"https:\/\/grupolola.org\/index.php\/wp-json\/wp\/v2\/pages\/204\/revisions"}],"predecessor-version":[{"id":1258,"href":"https:\/\/grupolola.org\/index.php\/wp-json\/wp\/v2\/pages\/204\/revisions\/1258"}],"wp:attachment":[{"href":"https:\/\/grupolola.org\/index.php\/wp-json\/wp\/v2\/media?parent=204"}],"curies":[{"name":"wp","href":"https:\/\/api.w.org\/{rel}","templated":true}]}}